ctors of 13994519.
7, 11, 17, 10691
What are the prime factors of 3170923?
7, 452989
List the prime factors of 10926690.
2, 3, 5, 364223
What are the prime factors of 7900651?
11, 718241
What are the prime factors of 8928910?
2, 5, 17, 53, 991
What are the prime factors of 646697?
17, 109, 349
What are the prime factors of 612145?
5, 23, 5323
List the prime factors of 706949.
107, 6607
What are the prime factors of 4301576?
2, 109, 4933
List the prime factors of 2864492.
2, 716123
What are the prime factors of 328965?
3, 5, 7, 13, 241
What are the prime factors of 87785?
5, 97, 181
What are the prime factors of 28025101?
13, 165829
What are the prime factors of 1132951?
19, 59629
List the prime factors of 203769.
3, 7547
What are the prime factors of 239710?
2, 5, 23971
List the prime factors of 80882.
2, 37, 1093
List the prime factors of 123862.
2, 17, 3643
What are the prime factors of 165319?
7, 11, 19, 113
What are the prime factors of 4981989?
3, 1660663
What are the prime factors of 4647869?
109, 42641
List the prime factors of 1853423.
11, 13, 997
What are the prime factors of 2379461?
7, 311, 1093
What are the prime factors of 2117754?
2, 3, 29, 4057
List the prime factors of 233313.
3, 83, 937
What are the prime factors of 258974?
2, 31, 4177
What are the prime factors of 182550?
2, 3, 5, 1217
What are the prime factors of 462055?
5, 11, 31, 271
What are the prime factors of 197250?
2, 3, 5, 263
List the prime factors of 42660.
2, 3, 5, 79
What are the prime factors of 1381062?
2, 3, 37, 6221
List the prime factors of 293484.
2, 3, 37, 661
List the prime factors of 1394320.
2, 5, 29, 601
What are the prime factors of 289124?
2, 11, 6571
What are the prime factors of 393264?
2, 3, 2731
List the prime factors of 263978.
2, 11, 13, 71
List the prime factors of 4549658.
2, 43, 52903
List the prime factors of 712696.
2, 89087
What are the prime factors of 1063628?
2, 139, 1913
What are the prime factors of 2090519?
277, 7547
List the prime factors of 139373.
13, 71, 151
What are the prime factors of 849713?
47, 101, 179
List the prime factors of 1894978.
2, 919, 1031
List the prime factors of 3842737.
3842737
What are the prime factors of 507628?
2, 11, 83, 139
List the prime factors of 868491.
3, 13, 571
List the prime factors of 17526219.
3, 109, 53597
What are the prime factors of 489186?
2, 3, 9059
What are the prime factors of 950?
2, 5, 19
List the prime factors of 216743.
216743
What are the prime factors of 372702?
2, 3, 11, 5647
List the prime factors of 809258.
2, 41, 71, 139
What are the prime factors of 63270?
2, 3, 5, 19, 37
List the prime factors of 4512483.
3, 37, 4517
List the prime factors of 1281008.
2, 23, 59
What are the prime factors of 11312641?
11312641
What are the prime factors of 1970387?
23, 85669
List the prime factors of 874350.
2, 3, 5, 29, 67
What are the prime factors of 373914?
2, 3, 20773
What are the prime factors of 1278418?
2, 179, 3571
List the prime factors of 880744.
2, 89, 1237
What are the prime factors of 2609651?
11, 131, 1811
What are the prime factors of 142260?
2, 3, 5, 2371
List the prime factors of 121678.
2, 83, 733
List the prime factors of 1855453.
709, 2617
List the prime factors of 432863.
37, 11699
What are the prime factors of 2369661?
3, 7, 19, 5939
List the prime factors of 1012968.
2, 3, 11, 1279
List the prime factors of 18414421.
23, 101, 7927
List the prime factors of 595480.
2, 5, 14887
List the prime factors of 698026.
2, 7, 73, 683
List the prime factors of 36292700.
2, 5, 362927
What are the prime factors of 3186?
2, 3, 59
List the prime factors of 334589.
53, 59, 107
List the prime factors of 105312.
2, 3, 1097
List the prime factors of 1556753.
11, 97, 1459
List the prime factors of 2823864.
2, 3, 97, 1213
List the prime factors of 192248.
2, 7, 3433
List the prime factors of 14193852.
2, 3, 23, 51427
List the prime factors of 1930289.
1930289
What are the prime factors of 1050056?
2, 7, 17, 1103
List the prime factors of 316.
2, 79
List the prime factors of 42278074.
2, 617, 34261
What are the prime factors of 7594403?
7594403
What are the prime factors of 26007?
3, 8669
What are the prime factors of 18339?
3, 6113
What are the prime factors of 7334166?
2, 3, 7, 31, 43, 131
List the prime factors of 3815257.
19, 157, 1279
List the prime factors of 9711201.
3, 29, 111623
List the prime factors of 10239239.
10239239
List the prime factors of 8398547.
8398547
What are the prime factors of 6245600?
2, 5, 37, 211
What are the prime factors of 5324897?
5324897
What are the prime factors of 4908080?
2, 5, 19, 3229
What are the prime factors of 5083441?
11, 462131
List the prime factors of 628393.
67, 83, 113
What are the prime factors of 162209?
162209
What are the prime factors of 2226678?
2, 3, 29, 67, 191
List the prime factors of 15869628.
2, 3, 146941
What are the prime factors of 922416?
2, 3, 11, 1747
What are the prime factors of 1217966?
2, 37, 109, 151
What are the prime factors of 594284?
2, 101, 1471
What are the prime factors of 1936273?
151, 12823
What are the prime factors of 11020708?
2, 2755177
List the prime factors of 77577.
3, 19, 1361
List the prime factors of 142717.
43, 3319
What are the prime factors of 101867?
23, 43, 103
What are the prime factors of 985969?
985969
List the prime factors of 3287084.
2, 821771
List the prime factors of 1377556.
2, 241, 1429
List the prime factors of 900240.
2, 3, 5, 11, 31
What are the prime factors of 1887802?
2, 7, 19, 47, 151
List the prime factors of 12839928.
2, 3, 101, 5297
What are the prime factors of 20411?
20411
What are the prime factors of 544885?
5, 11, 9907
List the prime factors of 126987.
3, 7, 6047
List the prime factors of 12901430.
2, 5, 1290143
List the prime factors of 257271.
3, 7, 12251
What are the prime factors of 549115?
5, 7, 29, 541
What are the prime factors of 1397418?
2, 3, 11, 31, 683
List the prime factors of 2102850.
2, 3, 5, 4673
List the prime factors of 1583800.
2, 5, 7919
List the prime factors of 366784.
2, 11, 521
What are the prime factors of 1785818?
2, 67, 13327
What are the prime factors of 129715?
5, 25943
List the prime factors of 1763091.
3, 11, 1619
What are the prime factors of 503094?
2, 3, 191, 439
List the prime factors of 6166354.
2, 3083177
What are the prime factors of 2081608?
2, 260201
List the prime factors of 73532.
2, 31, 593
What are the prime factors of 66932?
2, 29, 577
List the prime factors of 1123338.
2, 3, 187223
What are the prime factors of 724736?
2, 19, 149
List the prime factors of 801356.
2, 89, 2251
List the prime factors of 1356155.
5, 271231
List the prime factors of 1544959.
13, 118843
List the prime factors of 639532.
2, 101, 1583
List the prime factors of 25191940.
2, 5, 433, 2909
What are the prime factors of 654682?
2, 7, 101, 463
What are the prime factors of 369278?
2, 7, 13, 2029
List the prime factors of 281424.
2, 3, 11, 13, 41
List the prime factors of 8175879.
3, 23, 127, 311
List the prime factors of 1929910.
2, 5, 192991
What are the prime factors of 9751611?
3, 701, 4637
List the prime factors of 2217805.
5, 443561
What are the prime factors of 181410?
2, 3, 5, 6047
What are the prime factors of 5378471?
7, 768353
List the prime factors of 10430883.
3, 386329
List the prime factors of 2160572.
2, 421, 1283
List the prime factors of 44947.
7, 6421
What are the prime factors of 3398131?
11, 19, 71, 229
What are the prime factors of 121918?
2, 47, 1297
List the prime factors of 7870302.
2, 3, 11, 39749
What are the prime factors of 533786?
2, 11, 19, 1277
List the prime factors of 555870.
2, 3, 5, 7, 2647
What are the prime factors of 2320017?
3, 7, 110477
List the prime factors of 12312.
2, 3, 19
What are the prime factors of 8619477?
3, 457, 6287
List the prime factors of 920821.
11, 97, 863
List the prime factors of 481985.
5, 7, 47, 293
What are the prime factors of 2589404?
2, 109, 5939
What are the prime factors of 555618?
2, 3, 7, 13229
List the prime factors of 9434625.
3, 5, 139, 181
What are the prime factors of 53720?
2, 5, 17, 79
List the prime factors of 25807543.
127, 203209
What are the prime factors of 19263290?
2, 5, 1926329
List the prime factors of 2121475.
5, 84859
List the prime factors of 4169232.
2, 3, 321